t f = -101 + 106. Suppose 3*u + 46 = 5*u - 2*h, -3*u = -f*h - 75. Suppose 10*c + 10 = 12*c. What is the highest common factor of u and c?
5
Let n = -408876 + 408882. Let q be (12/5)/(1/10). Suppose 3*t = 2*p - q, 0 = -0*p + p - 3*t - 12. What is the highest common divisor of p and n?
6
Let f = 401 + -37. Calculate the highest common divisor of 819 and f.
91
Let v(n) = -n**2 + 11*n + 212. Let i be v(21). Calculate the highest common divisor of 81 and i.
1
Let y = 3965 + -3454. What is the highest common divisor of y and 7?
7
Suppose -2*m - 2 + 6 = 0. Suppose -4*q + 4*o - 2*o = 448, -336 = 3*q - 3*o. Let d = q + 126. Calculate the highest common factor of d and m.
2
Suppose 6*a + 4*o - 238 = 4*a, 3*o = -5*a + 588. Let g be (-1)/(-6)*(-390)/(-5). Calculate the greatest common factor of g and a.
13
Suppose 326*s - 19174 = 2994. What is the highest common divisor of s and 8857?
17
Let w be 22/(-121) + 138/33. Suppose w*d - 32 = 4*p + 72, -2*p + 58 = 3*d. What is the highest common factor of 110 and d?
22
Suppose -3*j + 6 = 0, 88*r - 86*r = 5*j - 8. What is the highest common divisor of r and 263?
1
Suppose -5*k = -3*h + 725, 3*h + 223 - 962 = -2*k. Let l = h - 230. What is the highest common factor of 165 and l?
15
Suppose 6*d - 33 = 3*d. Let g = -66424 - -66600. What is the highest common factor of d and g?
11
Let j = 234 + -92. Suppose 3*a + j - 523 = 3*r, -2*a = -5*r - 251. What is the highest common factor of 8 and a?
8
Suppose 177 = 5*o - 128. Suppose 0 = -2*m + c + 120, 37*c - 33*c = 4*m - 236. Calculate the highest common divisor of o and m.
61
Let c = -56 - -63. Let o be 22*(c/(-2))/7*-1. Calculate the greatest common factor of 121 and o.
11
Let r = 4912 - 4786. What is the highest common divisor of r and 1953?
63
Let b be (-15)/(-9) + (-9)/(-27). Suppose b*g - 21 = -i, 17 = 10*g - 6*g - 3*i. What is the highest common divisor of 14 and g?
2
Let g = 25 - -17. Let u = 8382 + -8004. Calculate the highest common factor of u and g.
42
Let s = 2 - -1. Let q be (-46)/2 + 132/(-33). Let g be q + 26 - 1*-13. Calculate the greatest common factor of s and g.
3
Let g(j) = j**3 + 6*j**2 - j - 2. Let t be g(-5). Suppose 0*s = -4*v - s + 25, 4*v + 4*s - t = 0. Calculate the greatest common factor of 258 and v.
6
Let t(s) be the first derivative of s**3 - 13*s**2/2 + 6*s - 30. Let a be t(6). Let j = 0 + a. What is the highest common factor of j and 36?
36
Suppose 5552*c - 5545*c = 273. What is the greatest common divisor of c and 1209?
39
Let c(k) = -6*k**3 + 215*k**2 + 47*k - 266. Let b be c(36). Calculate the highest common divisor of 1703 and b.
13
Let v be 12/((-216)/(-45)) - 116440/(-16). What is the greatest common factor of v and 546?
182
Let d(m) = 2*m**3 - 38*m**2 - 49*m + 947. Let h be d(19). Calculate the highest common factor of 304 and h.
16
Let t(g) = -1 + 19*g - 16*g + 78 + 5. Let q be t(-16). Calculate the highest common factor of 2 and q.
2
Suppose 12*a = 4*a - 48. Let t be (-6)/(-4)*(4 - a/9). What is the greatest common factor of 56 and t?
7
Let d be (4 - 0)/((-11)/6 - -2). Let q = -21 + d. Suppose 104 = 4*r - q*v, -4*r + 9 = 5*v - 127. What is the greatest common factor of 29 and r?
29
Let s = -150 - -75. Let o be (-60)/s + (-592)/(-10). Suppose -63 = -5*p - i, -5*i + 77 - 14 = 4*p. Calculate the greatest common divisor of o and p.
12
Suppose v + 5*b - 43 = 0, -5*v + 167 = 5*b - 4*b. Let g(l) = 2*l - 18. Let d be g(11). Suppose -5*f - d = -19. What is the highest common divisor of f and v?
3
Suppose 5*t - 8*t = -378. Let h be 45 - (8 + (-23 - -11)/(-12)). Calculate the greatest common divisor of t and h.
18
Let d = 766 - 274. Let j = -372 + d. What is the highest common divisor of j and 192?
24
Let c = 324 + 423. What is the highest common divisor of c and 2739?
249
Let x be ((-5 - 1)*-1)/(2/1). Suppose -q + 18 = x*g, -2*q + 6 = g + 3*q. Let z be (-3)/(-3) - -54 - 1. Calculate the highest common factor of g and z.
6
Let q = 162 - 84. Suppose 3 = d, 0 = t - 6*t + 4*d + q. Suppose -5*i - 40 = 0, -66*n + 63*n = i - 46. What is the greatest common factor of t and n?
18
Let i be -3 - ((-4)/(24/(-42)) + -231). What is the greatest common factor of i and 3536?
221
Suppose 142*b - 146*b + 2*u + 60 = 0, -7*u = b - 30. What is the highest common divisor of b and 43?
1
Suppose -367*n + 1475 = -72*n. Let k be 141 + (-3)/(-6)*-2. What is the greatest common factor of k and n?
5
Let y(s) = -2098*s - 40. Let c be y(25). Let n be c/(-25) - (-2)/5. Suppose 2*o + 8*o - n = 0. What is the greatest common factor of o and 35?
35
Let y = -123 + 130. Suppose -5*z = -2*p + 280, -5*z + 530 = y*p - 3*p. Calculate the highest common divisor of 10 and p.
5
Let h = -4175 + 4230. Calculate the greatest common factor of 5885 and h.
55
Let d = -3233 + 4783. What is the greatest common factor of d and 186?
62
Let o be (13/3 - 2)*3. Suppose 3*q = -g - o, -4*g - 55 = -9*g + 3*q. Let h(v) = v**3 - v**2 + 64. Let i be h(0). What is the greatest common divisor of g and i?
8
Suppose 351*u - 300*u = 11985. Calculate the greatest common divisor of u and 45.
5
Let l(j) = 46*j - 9. Let g be l(-2). Let d = 167 + g. Suppose 2*v - d = -4*v. Calculate the greatest common divisor of 11 and v.
11
Suppose -4*k = -4*j, k = -j + 3*j - 4. Suppose 10 = -s - k*y + 100, 0 = -3*s - y + 270. What is the highest common factor of 36 and s?
18
Let t(s) = s**2 + 4*s + 21. Let u(o) = 10*o + 263. Let h be u(-27). Let c be t(h). Suppose -6*n = -2*n - 24. What is the greatest common factor of n and c?
6
Let t(n) = n**3 + 3*n**2 + 2*n - 112. Let p be t(4). Calculate the greatest common divisor of p and 11432.
8
Let b(i) = 11*i**3 - 3*i**2 - 9*i - 4. Let n be b(-3). Let w = n + 436. What is the greatest common divisor of w and 15?
15
Suppose t + 50 = -5*i, 0 = -4*t - 14 - 6. Let m be 2/6 + (-321)/i. Let k(y) = 15*y**2 + 59*y - 260. Let g be k(4). What is the highest common factor of m and g?
36
Let p = 87 - 82. Suppose -5*r + p*w - 9*w = -50, 5*w = -5*r + 50. What is the highest common divisor of 85 and r?
5
Suppose 2*u - 31 = 33. Let s be 4/8 + -5 + 81/2. Suppose s*z = -c + 31*z + 347, 3*c - 1058 = 2*z. What is the highest common divisor of c and u?
32
Suppose 5*a = -3*a - 1264. Let r be (1 - a/(-8))/((-1)/4). Let b = 117 - r. Calculate the highest common divisor of 63 and b.
21
Suppose w - 54*v + 8 = -56*v, 0 = 3*w + 2*v + 4. What is the highest common factor of w and 1114?
2
Let w = 495 - 183. Suppose -224*z + 43797 = 899*z. What is the highest common factor of z and w?
39
Suppose -3*y + 936 = 5*q, 0 = -3*q + 4*y - 184 + 734. What is the highest common factor of q and 78?
6
Suppose -3*y = n - 201, -y = -3*n - 3*y + 561. Calculate the greatest common divisor of 1037 and n.
61
Let t(p) = -42*p - 13. Let n be t(-2). Suppose 528 = 5*v - 3*z, 76*v + 3*z = n*v + 522. Calculate the greatest common divisor of v and 30.
15
Let t(j) = -219*j - 4. Let z(m) = -220*m - 5. Let r(n) = -2*t(n) + 3*z(n). Let q be r(-1). What is the highest common divisor of 43 and q?
43
Let g be (-2)/3*1/4*-1002. Let b = -27 + g. What is the greatest common factor of b and 245?
35
Suppose 5*o + 10 = -4*j, -j = -1 - 4. Let t be (6/(-2) + -12)/(o/8). What is the greatest common factor of t and 24?
4
Let g = -833 - -836. Let s be 51 - (g*4/3 - 8). What is the highest common divisor of 253 and s?
11
Let h(p) = 84*p + 1. Let i be h(3). Let v be (7 + -1 + 0)*(-18)/(-27). Suppose -5 = -5*c, 5*c - v = -4*x + 93. Calculate the highest common factor of i and x.
23
Suppose -143 = -2*d + 9. Let h be (611 - 624) + (-204)/(-4). Calculate the greatest common divisor of h and d.
38
Suppose -4*i + q = 6*q - 151, -2*i - 3*q + 77 = 0. Let j(p) = 54*p**2 + 25*p + 4. Let r be j(-2). Calculate the highest common factor of i and r.
34
Suppose -128 - 10 = -3*v - 4*y, 5*v - 219 = -3*y. Let q = v + 2. Suppose 3*f - 13 = 4*s, 4*s - 23 = -3. Calculate the highest common factor of f and q.
11
Let u(m) = 43*m - 714. Let f be u(48). Calculate the greatest common factor of f and 125.
25
Let m(q) = -2*q - 4. Let s be m(-3). Suppose s*o - 10*h - 39 = -9*h, -o + 25 = 5*h. Calculate the highest common divisor of 30 and o.
10
Suppose -17*q - 2434 + 10900 = 0. Suppose -12*s + q + 5190 = 0. What is the highest common divisor of 6 and s?
6
Let x = -1571 - -1588. Calc